











{"id":1733,"date":"2019-11-22T12:20:40","date_gmt":"2019-11-22T11:20:40","guid":{"rendered":"https:\/\/www.exterstahl.com\/?page_id=1733"},"modified":"2019-11-22T12:20:42","modified_gmt":"2019-11-22T11:20:42","slug":"kvarto-plechy","status":"publish","type":"page","link":"https:\/\/www.exterstahl.com\/cs\/produkty\/kvarto-plechy\/","title":{"rendered":"Kvarto plechy"},"content":{"rendered":"<h1 class=\"wp-block-heading\"><strong>Kvarto plechy<\/strong><\/h1>\n\n\n\n<p>Pro Va\u0161i v\u00fdrobu dod\u00e1me nejvhodn\u011bj\u0161\u00ed form\u00e1t.<\/p>\n\n\n\n<h2 class=\"wp-block-heading\"><strong>Dodac\u00ed mo\u017enosti<\/strong><\/h2>\n\n\n\n<table class=\"wp-block-table\"><tbody><tr><td>tlou\u0161\u0165ky<\/td><td>4-250 mm<\/td><\/tr><tr><td>max. \u0161\u00ed\u0159ka<\/td><td>3500 mm (*) <\/td><\/tr><tr><td>min. \u0161\u00ed\u0159ka<\/td><td>1500 mm<\/td><\/tr><tr><td>max. d\u00e9lka<\/td><td>14.000 mm<\/td><\/tr><tr><td>min. d\u00e9lka<\/td><td>3000 mm<\/td><\/tr><tr><td>Zkou\u0161ky UZ S1\/E1 \u2013 S4\/4<\/td><td>Dle pot\u0159eby<\/td><\/tr><\/tbody><\/table>\n\n\n\n<p>(*) dal\u0161\u00ed plechy na vy\u017e\u00e1d\u00e1n\u00ed<\/p>\n\n\n\n<h3 class=\"wp-block-heading\"><strong>Nelegovan\u00e9 konstruk\u010dn\u00ed oceli<\/strong><\/h3>\n\n\n\n<p>Jakosti S235 \u2013 S355<br \/>Dal\u0161\u00ed jakosti kdykoli dle po\u017eadavku <\/p>\n\n\n\n<h3 class=\"wp-block-heading\"><strong>Ploch\u00e9 v\u00fdrobky z\u00a0ocel\u00ed na v\u00fdrobu tlakov\u00fdch n\u00e1dob<\/strong><\/h3>\n\n\n\n<p>Jakosti P235 \u2013 P355<br \/>16Mo3<br \/>Dal\u0161\u00ed jakosti kdykoli dle po\u017eadavku <\/p>\n\n\n\n<h3 class=\"wp-block-heading\"><strong>Lodn\u00ed jakosti<\/strong><\/h3>\n\n\n\n<p>Jakosti Gr.A, EH36, DH36<\/p>","protected":false},"excerpt":{"rendered":"<p>Kvarto plechy Pro Va\u0161i v\u00fdrobu dod\u00e1me nejvhodn\u011bj\u0161\u00ed form\u00e1t. Dodac\u00ed mo\u017enosti tlou\u0161\u0165ky 4-250 mm max. \u0161\u00ed\u0159ka 3500 mm (*) min. \u0161\u00ed\u0159ka 1500 mm max. d\u00e9lka 14.000 mm min. d\u00e9lka 3000 mm Zkou\u0161ky UZ S1\/E1 \u2013 S4\/4 Dle pot\u0159eby (*) dal\u0161\u00ed plechy na vy\u017e\u00e1d\u00e1n\u00ed Nelegovan\u00e9 konstruk\u010dn\u00ed oceli Jakosti S235 \u2013 S355Dal\u0161\u00ed jakosti kdykoli dle po\u017eadavku Ploch\u00e9 v\u00fdrobky [&hellip;]<\/p>\n","protected":false},"author":4,"featured_media":0,"parent":1702,"menu_order":39,"comment_status":"closed","ping_status":"closed","template":"","meta":{"_coblocks_attr":"","_coblocks_dimensions":"","_coblocks_responsive_height":"","_coblocks_accordion_ie_support":"","footnotes":""},"class_list":["post-1733","page","type-page","status-publish","hentry"],"_links":{"self":[{"href":"https:\/\/www.exterstahl.com\/cs\/wp-json\/wp\/v2\/pages\/1733","targetHints":{"allow":["GET"]}}],"collection":[{"href":"https:\/\/www.exterstahl.com\/cs\/wp-json\/wp\/v2\/pages"}],"about":[{"href":"https:\/\/www.exterstahl.com\/cs\/wp-json\/wp\/v2\/types\/page"}],"author":[{"embeddable":true,"href":"https:\/\/www.exterstahl.com\/cs\/wp-json\/wp\/v2\/users\/4"}],"replies":[{"embeddable":true,"href":"https:\/\/www.exterstahl.com\/cs\/wp-json\/wp\/v2\/comments?post=1733"}],"version-history":[{"count":1,"href":"https:\/\/www.exterstahl.com\/cs\/wp-json\/wp\/v2\/pages\/1733\/revisions"}],"predecessor-version":[{"id":1734,"href":"https:\/\/www.exterstahl.com\/cs\/wp-json\/wp\/v2\/pages\/1733\/revisions\/1734"}],"up":[{"embeddable":true,"href":"https:\/\/www.exterstahl.com\/cs\/wp-json\/wp\/v2\/pages\/1702"}],"wp:attachment":[{"href":"https:\/\/www.exterstahl.com\/cs\/wp-json\/wp\/v2\/media?parent=1733"}],"curies":[{"name":"wp","href":"https:\/\/api.w.org\/{rel}","templated":true}]}}

<h1 class="wp-block-heading"><strong>Kvarto plechy</strong></h1>



<p>Pro Vaši výrobu dodáme nejvhodnější formát.</p>



<h2 class="wp-block-heading"><strong>Dodací možnosti</strong></h2>



<table class="wp-block-table"><tbody><tr><td>tloušťky</td><td>4-250 mm</td></tr><tr><td>max. šířka</td><td>3500 mm (*) </td></tr><tr><td>min. šířka</td><td>1500 mm</td></tr><tr><td>max. délka</td><td>14.000 mm</td></tr><tr><td>min. délka</td><td>3000 mm</td></tr><tr><td>Zkoušky UZ S1/E1 – S4/4</td><td>Dle potřeby</td></tr></tbody></table>



<p>(*) další plechy na vyžádání</p>



<h3 class="wp-block-heading"><strong>Nelegované konstrukční oceli</strong></h3>



<p>Jakosti S235 – S355<br />Další jakosti kdykoli dle požadavku </p>



<h3 class="wp-block-heading"><strong>Ploché výrobky z ocelí na výrobu tlakových nádob</strong></h3>



<p>Jakosti P235 – P355<br />16Mo3<br />Další jakosti kdykoli dle požadavku </p>



<h3 class="wp-block-heading"><strong>Lodní jakosti</strong></h3>



<p>Jakosti Gr.A, EH36, DH36</p>

<p>Kvarto plechy Pro Vaši výrobu dodáme nejvhodnější formát. Dodací možnosti tloušťky 4-250 mm max. šířka 3500 mm (*) min. šířka 1500 mm max. délka 14.000 mm min. délka 3000 mm Zkoušky UZ S1/E1 – S4/4 Dle potřeby (*) další plechy na vyžádání Nelegované konstrukční oceli Jakosti S235 – S355Další jakosti kdykoli dle požadavku Ploché výrobky [&hellip;]</p>
